0156663 a composite number?
True
Is 1471271 prime?
True
Is 3241093 a composite number?
False
Is 105578621 prime?
True
Is 22227209 composite?
False
Is 4688881 composite?
True
Is 35368257 a composite number?
True
Is 41771935 a composite number?
True
Is 107869819 a composite number?
False
Is 2796503 a composite number?
False
Is 17240471 composite?
True
Is 380040526 a prime number?
False
Is 11936909 a prime number?
True
Is 80584739 a prime number?
True
Is 418658629 a composite number?
False
Is 8777183 a composite number?
True
Is 22318453 composite?
False
Is 1191557 a prime number?
False
Is 40628429 composite?
False
Is 8104571 prime?
True
Is 2243359 composite?
False
Is 17046943 a prime number?
False
Is 6776269 composite?
False
Is 121181711 composite?
True
Is 56988839 composite?
False
Is 23618013 prime?
False
Is 107312033 a prime number?
False
Is 1888701 a prime number?
False
Is 250065813 composite?
True
Is 28076309 prime?
True
Is 623165161 a composite number?
False
Is 240089 composite?
False
Is 4282673 prime?
True
Is 99541109 prime?
False
Is 434950481 a composite number?
True
Is 453434249 prime?
False
Is 1062058973 a composite number?
False
Is 41374187 a composite number?
True
Is 188081459 composite?
False
Is 9107139 prime?
False
Is 4155247 a prime number?
True
Is 1466039 prime?
True
Is 370759 a prime number?
True
Is 267915911 composite?
False
Is 38071337 a composite number?
False
Is 51959513 a composite number?
False
Is 5563169 prime?
False
Is 2663545 a composite number?
True
Is 38389441 a composite number?
True
Is 6134911 a composite number?
False
Is 559667 composite?
False
Is 85176611 a composite number?
True
Is 56761739 composite?
False
Is 17634521 a composite number?
False
Is 140976079 a composite number?
False
Is 289518161 prime?
True
Is 534193763 prime?
True
Is 2617673 a prime number?
True
Is 203360141 composite?
True
Is 1514713 a prime number?
True
Is 141337109 a composite number?
False
Is 4334693 composite?
True
Is 154338031 prime?
True
Is 19163429 composite?
False
Is 390742435 composite?
True
Is 2066037 prime?
False
Is 43169591 composite?
True
Is 6907111 prime?
True
Is 24372771 prime?
False
Is 227011 a composite number?
False
Is 9977209 a composite number?
True
Is 4387198 prime?
False
Is 827899 a composite number?
False
Is 27402679 a composite number?
True
Is 5611702 composite?
True
Is 2251637 a composite number?
False
Is 66382741 composite?
False
Is 303713477 a composite number?
True
Is 10024193 composite?
False
Is 208067 prime?
True
Is 9931795 composite?
True
Is 3514517 composite?
False
Is 1143143 composite?
False
Is 24765647 a prime number?
True
Is 679669 composite?
False
Is 5663689 a prime number?
True
Is 7773569 prime?
True
Is 3712003 composite?
True
Is 13838321 composite?
True
Is 5338909 prime?
False
Is 16607 a prime number?
True
Is 2433521 prime?
True
Is 2242639 composite?
True
Is 59323787 a prime number?
True
Is 846386443 a prime number?
False
Is 15388687 prime?
True
Is 371795383 a prime number?
True
Is 552079091 prime?
False
Is 1924079 a composite number?
False
Is 60819023 a composite number?
False
Is 2391397 a prime number?
False
Is 1638961 a composite number?
True
Is 47501 prime?
True
Is 1754743 a prime number?
True
Is 86471643 a composite number?
True
Is 54581183 a composite number?
False
Is 798041 a prime number?
False
Is 5235851 prime?
True
Is 72247711 a composite number?
False
Is 4565669 a prime number?
True
Is 23480427 prime?
False
Is 258983213 a composite number?
False
Is 70280437 a composite number?
True
Is 25563121 a composite number?
True
Is 2511433 prime?
True
Is 32732131 a composite number?
False
Is 112963 composite?
True
Is 5093287 prime?
False
Is 5633339 prime?
False
Is 33205241 a prime number?
True
Is 415667899 prime?
True
Is 1070647 prime?
False
Is 1690817 a composite number?
True
Is 212514443 prime?
True
Is 3104291 prime?
False
Is 10900823 a prime number?
False
Is 22357093 prime?
False
Is 34696817 composite?
False
Is 70226477 a composite number?
True
Is 1414549 composite?
False
Is 7788577 composite?
False
Is 7636799 a prime number?
False
Is 132941023 a prime number?
False
Is 5273617 composite?
False
Is 101620249 composite?
False
Is 1642323 prime?
False
Is 4808987 a prime number?
True
Is 19625027 a prime number?
True
Is 57315029 a prime number?
False
Is 13218047 composite?
False
Is 19534501 composite?
True
Is 600107 prime?
False
Is 5153563 a composite number?
True
Is 119439083 prime?
False
Is 36812449 a prime number?
True
Is 14623629 composite?
True
Is 244493923 a composite number?
True
Is 64372417 a composite number?
True
Is 29828857 a prime number?
True
Is 425366161 composite?
True
Is 165731915 composite?
True
Is 4729457 prime?
True
Is 7674397 composite?
True
Is 27500237 composite?
True
Is 19837217 a composite number?
True
Is 45363727 a composite number?
False
Is 459457745 a composite number?
True
Is 19889735 composite?
True
Is 1365547 a composite number?
False
Is 1119082 a composite number?
True
Is 13698307 a composite number?
True
Is 116399227 a prime number?
False
Is 70388369 a composite number?
True
Is 164191 a prime number?
True
Is 5944117 a composite number?
False
Is 1179731353 a prime number?
True
Is 39437971 composite?
True
Is 224369 prime?
False
Is 777242 composite?
True
Is 302669929 prime?
False
Is 15089777 a composite number?
True
Is 18530813 composite?
True
Is 304094143 composite?
False
Is 36403403 a prime number?
False
Is 14421821 composite?
False
Is 772830367 a prime number?
False
Is 12979453 a composite number?
False
Is 65086111 prime?
True
Is 4762547 prime?
True
Is 1341839 composite?
False
Is 63712247 prime?
True
Is 661247 a composite number?
True
Is 118595255 composite?
True
Is 296981 prime?
True
Is 295480021 composite?
True
Is 5435 a composite number?
True
Is 1046627 a composite number?
False
Is 8771771 composite?
True
Is 38179199 prime?
False
Is 246047539 a composite number?
False
Is 286217 prime?
False
Is 12248633 composite?
False
Is 5969009 a composite number?
False
Is 60443 a prime number?
True
Is 379433 prime?
True
Is 104807459 a prime number?
True
Is 75018193 a prime number?
True
Is 4083307 a prime number?
True
Is 4024303 a composite number?
False
Is 2509891 prime?
True
Is 4736429 a prime number?
True
Is 14840363 a composite number?
False
Is 6328363 a prime number?
True
Is 170903741 prime?
False
Is 27110129 composite?
False
Is 308302961 a composite number?
True
Is 536306 composite?
True
Is 4420553 a composite number?
False
Is 6208841 prime?
False
Is 32887801 prime?
True
Is 21956941 a composite number?
False
Is 1832387 a prime number?
False
Is 3078193 a composite number?
False
Is 273377921 a prime number?
True
Is 43992709 composite?
False
Is 85602749 a prime number?
False
Is 9295477 a prime number?
False
Is 1994897 a prime number?
True
Is 168739001 prime?
True
Is 24672233 a composite number?
False
Is 11132969 a prime number?
False
Is 20652833 prime?
False
Is 15029503 composite?
True
Is 7695023 composite?
True
Is 4914431 prime?
True
Is 146907713 composite?
False
Is 322668563 composite?
True
Is 128624863 a prime number?
False
Is 871789 prime?
True
Is 5128073 composite?
True
Is 28721101 prime?
False
Is 76615377 a composite number?
True
Is 98625161 prime?
True
Is 5030917 composite?
False
Is 433138439 a prime number?
False
Is 1286546 prime?
False
Is 302071013 a composite number?
False
Is 214309 composite?
False
Is 1316009 prime?
True
Is 6945179 prime?
True
Is 1420302431 a prime number?
True
Is 831664601 a composite number?
False
Is 48644401 a prime number?
False
Is 6894317 a composite number?
False
Is 540906353 a composite number?
True
Is 63903247 composite?
True
Is 25376161 composite?
True
Is 3565777 a composite number?
False
Is 407400635 prime?
False
Is 12900521 a composite number?
False
Is 485458 a prime number?
False
Is 35646607 a prime number?
True
Is 22993907 composite?
True
Is 246328031 prime?
True
Is 30496973 composite?
True
Is 6107209 composite?
False
Is 287171 a composite number?
True
Is 52013347 prime?
True
Is 5585791 a prime number?
False
Is 12119693 a prime number?
True
Is 56351491 a composite number?
True
Is 682481479 composite?
False
Is 158003 a prime number?
True
Is 16277 a prime number?
False
Is 54039371 a composite number?
True
Is 80620541 a prime number?
False
Is 133541